+ (2 - (-3 + -5 - -5)).
12
What is the value of (-12 - -9) + (12 - 3)?
6
What is the value of 11 + 3 + 4 + 0 + -26?
-8
Evaluate (2 - -11) + -15 + -17 + -14.
-33
What is 0 - 10 - (-15 - -12) - -15?
8
Evaluate (16 - (-19 - -39)) + -1 + 8.
3
Calculate -24 + 11 + (10 - (0 - -13)).
-16
What is -12 - (-4 - (-7 - (-11 - 7))) - 19?
-16
What is the value of (19 - 3) + -24 - -10?
2
(15 - 11) + (2 - -6)
12
What is (-13 - 1) + -9 + 10?
-13
Evaluate (-5 - -4) + -7 + 1 + 0.
-7
3 + (-41 - -17) - (1 - 8)
-14
What is the value of (-18 + -3 - -16) + (-6 - -1)?
-10
Calculate -77 - -52 - (3 - -2) - -1.
-29
What is the value of -3 + (1 - 1) - (-22 + 5)?
14
Calculate -1 + 3 - (4 + -3 - 0).
1
-9 - (-8 + 2 + -6)
3
Evaluate -30 - (-2 + -9) - -7 - 9.
-21
Calculate (-16 - -8) + 0 + 5 + -7 + 8.
-2
What is (6 - 5) + (7 - (-4 - 0))?
12
What is the value of (-16 + 7 - (-23 + 15)) + 19?
18
What is the value of -6 - (3 + -8 + 5 + (-8 - -4))?
-2
Calculate -1 - (11 - 16) - -11.
15
Evaluate (3 - 10 - (-5 + 8)) + -15.
-25
Evaluate -11 + (5 - -2) + 11 + -11.
-4
-15 - (-31 + 8 + -1)
9
Evaluate -28 + 55 + 3 - 35.
-5
Calculate 7 + (6 - (-6 + (1 - 3) + 24)).
-3
What is 4 + -6 + (-1 - 3) + (-1 - -1)?
-6
Calculate -16 + -16 - 15 - -25.
-22
Calculate 12 - (4 + 4 + -14) - (-2 + -2).
22
What is the value of -1 + -40 + (-10 + 0 - (-129 + 111))?
-33
Evaluate 11 - (-47 + 12 - -25).
21
-17 + 2 + (-28 - -56 - 5)
8
-18 - (0 - 17) - -13 - (-1 - -4)
9
Calculate (-5 - -2) + (-7 - -4 - -2).
-4
Evaluate -7 + (-6 - 0) + 10 + 13 + -19.
-9
21 + -12 + (3 - 5) + 1
8
What is -18 - (1 + -1 + -1 + -1647 + 1641)?
-11
Evaluate (-9 - (3 + -22)) + 6 + -2 - 1.
13
What is the value of (0 - (0 + -5 + 4)) + -2?
-1
What is the value of 0 - 0 - (-250 - -259)?
-9
What is the value of (-7 - (-5 + (5 - (10 - 0)))) + 6?
9
What is 11 + (1 - 3) + -2 + -13?
-6
Calculate (0 - (1 - -1)) + (-6 - -9 - -16).
17
What is (20 - 9) + -5 + -8 - -9?
7
What is the value of -11 + -3 - (-4 + (2 - 3))?
-9
What is 37 - (-67 + 45 - -39)?
20
What is -39 + (39 - -35) + -47?
-12
What is -4 + -13 - (-1 + -31)?
15
What is -2 - -6 - -5 - (14 + -21 + 25)?
-9
Calculate 1 + 1 + (-23 - (-3 - (17 + -15))).
-16
What is the value of 6 - ((-4 - (-6 - -5)) + 7 + -2)?
4
Evaluate -181 + 188 + (5 - 0) + 2.
14
Calculate -23 - (-35 + -11) - 55.
-32
What is the value of -2 + 15 - (27 + -18 + 5)?
-1
1 - 8 - (-296 + 264)
25
-30 - -7 - -2 - (5 - (3 - -9))
-14
Evaluate -1 - (9 + (-9 + -11 - -8) - 8).
10
What is the value of (-4 - (0 + -2)) + -14 + (23 - 3)?
4
Evaluate 7 - ((21 - 14 - (1 - 0)) + -14).
15
-4 + 13 + -3 + -10 + 12
8
What is the value of (-9 - 17 - -9) + (2 - 1) + -7?
-23
What is (-33 - -2) + (-6 - -23)?
-14
Calculate (108 - 117) + (1 - ((0 - 0) + -2)).
-6
Evaluate -21 + 14 + -4 + 4.
-7
What is -6 - 33 - (-11 - 26)?
-2
Evaluate 23 + -5 + (-31 - (13 + -43)).
17
Evaluate -24 + (7 - -19) - 23.
-21
What is the value of -531 + 540 - (-15 - 0 - 0) - 2?
22
What is 14 + -8 + (5 - (1 - (-14 - 7)))?
-11
Calculate (1 - -2) + -20 + -15 + 11.
-21
Evaluate (-2 - 9) + 7 + (-31 - 5) + 13.
-27
-669 + 653 + (1 - -1) + 7
-7
(9680 - 9714) + 4 + 0 + (0 - 0)
-30
-5 - (-5 + -4 + -15 - -14)
5
Calculate -8 - -2 - (-116 + 101) - (2 - -10).
-3
Evaluate 9 + -17 + 12 + 12 + 3.
19
Evaluate (1 - -25) + (-13 - 8) + -1 + 12.
16
What is 7 + 14 + -6 + (6 - 2)?
19
What is 25 + -102 + 43 - -4?
-30
What is 13 + (-10 - 33) - -6?
-24
What is the value of 44 + -6 - (32 - -32)?
-26
Evaluate -18 - (-13 - (0 - 2)) - 3.
-10
What is the value of 13 + -19 - (4 + -3 + -5 - 15)?
13
What is the value of 12 + (0 - (-6 + (3 - (5 - 8))))?
12
What is (-4 - -11) + 22 + -24?
5
What is -10 + 4 - (-3 + 1) - (203 + -181)?
-26
What is -11 + -1 - (-199 + 191)?
-4
Evaluate -246 - -254 - (4 + -4 - 3).
11
What is the value of 20 - (-18 + 26 + 15)?
-3
What is the value of 2 - -14 - (-2 - -3 - (-12 + 13))?
16
What is the value of 3 + -9 - 3 - ((7 - 4) + -22)?
10
Calculate 12 + (1 - -1) + 2 + (-9 - -4).
11
Evaluate (15 - -5) + (4 - 15).
9
Evaluate 23 - (-6 - -3) - 46.
-20
What is 0 + 3 + (-12 - -3) + (-8 - -9)?
-5
What is the value of (31 - 41 - 29) + 1?
-38
What is the value of 16 - (3 + -3 + 5)?
11
Calculate (3 - -6) + 40 + -33.
16
-12 + (2 - 2 - (-16 + 4))
0
What is the value of 13 + -16 - (13 + -16 + 5)?
-5
What is -21 + 5 + 9 - -14?
7
What is -20 + (-13 - -9) + 39?
15
-2 + (-35 - -17) + 26
6
Calculate -10 - (16 - (-4 - (13 - 16))).
-27
Evaluate 5 - (3 + (-14 - 1)) - -3.
20
What is 0 + 1 - (63 - 71) - 34?
-25
What is 3 + -3 + (6 - (23 + 14))?
-31
What is -18 - (-26 + (1 + 20 - 12))?
-1
Evaluate -21 - (-8 + 18 - 6 - 0).
-25
Evaluate 2 + 20 - ((9 - 4) + -14).
31
Calculate (-9 - (-16 - -19)) + -8 + -11 + 0.
-31
Evaluate 1 + 22 + (44 - 8) + -43.
16
What is the value of (8 + -19 - -20) + 3?
12
What is the value of (156 - 167) + 15 + (-9 - -5)?
0
(1 - 16) + 17 + 1 + 16
19
Evaluate (21 - 10) + -16 + (0 - 0) - 14.
-19
Calculate (23 - 6) + (-30 - -10).
-3
Calculate -1 + 20 + (-2 - (26 + -15)) + 9.
15
What is the value of -5 + -3 - (-57 + 39) - 4?
6
Calculate -3 + (0 - 2) + -7 + (11 - 16).
-17
What is (-2 - -10) + 6 + -19 + (-10 - -17)?
2
-41 + 22 + (-4 - -2) - (-1 + -7)
-13
What is 9 + (-14 - (-2 + -13)) + 15 + -3?
22
What is (14 - 16) + 18 + -9?
7
What is the value of (22 - 23) + (18 - 1) + 1 + -6?
11
What is (1 - -4) + (161 - 168) + -11?
-13
What is the value of -3 + (3 - (-19 + 10)) - 5?
4
What is the value of 15 + -5 + (9 + -11 - (-1 - 0))?
9
Calculate 8 - (6 - (-4 + 14 + -6 + 6)).
12
Evaluate (15 - (25 - 17)) + -6.
1
What is the value of (46 - 26) + -10 + -30?
-20
Evaluate -11 + (9 - (-3 - -12)).
-11
-22 + -2 + 1 - (15 + -23)
-15
What is 54 + -14 - 12 - 11?
17
What is -5 - (2 + -9 + 1) - -6 - 14?
-7
Evaluate -13 - -4 - (4 - (-3 + 8 + -8)).
-16
What is -3 - (-95 - -97 - (1 - -37))?
33
Calculate 1 + 12 + 11 + -12.
12
What is the value of -9 - ((0 - -6) + -9)?
-6
Evaluate -14 - (-17 + 16 + 0 + 3 - 8).
-8
What is the value of 1 - 0 - (-1 + -4 + -1 + 8)?
-1
Calculate 5 + 0 + 0 - (50 - -4 - 48).
-1
Evaluate 2 + 5 - 12 - -9.
4
Calculate -4 + (-7 - (15 - (-4 + 15))).
-15
What is the value of -5 + 1 + -50 + 58 + -31 + 10?
-17
Evaluate -4 + (1 - -3) + -12 + -4.
-16
What is (-3 + 0 + 1 - 4) + 23 + -24?
-7
Calculate 10 + -8 + 1 - (9 + -2).
-4
Evaluate -229 + 219 + (-3 - -13) + -1.
-1
What is (-28 - (-1 - 29)) + (-12 - -1)?
-9
Calculate (1 - (6 + (-5 - -9) + -6)) + -34.
-37
Calculate 1 + -4 + (2 - ((2 - 6) + 6)).
-3
6 + -9 + 0 + (-8 - -4) - -7
0
(-3 - 8) + 11 + -6 + -1 + -4
-11
(11 + -32 + 15 - 1) + -15
-22
What is -1 + 32 + (-2 - 60 - -53)?
22
What is the value of 0 - 16 - ((-8 - -7 - 1) + -6)?
-8
Evaluate -12 + -36 + 57 + 20.
29
What is (1 - -2) + 2 + 3 - (-9 - -13)?
4
30 + -44 - ((-3 - 0) + 1)
-12
Calculate -29 - (-31 - -21) - -34.
15
Calculate (38 - (-5 - (1 - -1))) + -16.
29
What is the value of 0 + 1 - -20 - 43?
-22
Evaluate 9 + -12 + 5 + 4 + -2.
4
What is 11 + -10 + (-11 + 19 - 7)?
2
What is (0 - -14) + -618 + 577?
-27
6 + (-34 - -7) - (-3 + 2 + -5)
-15
2 - (-7 + (-8 - -24) + -5) - -3
1
Evaluate 2928 + -2957 + (15 - (1 + -1)).
-14
What is the value of 25 + 13 + -43 + 24?
19
What is 5 + -18 - ((-11 - 4) + 2)?
0
What is -36 + 28 + 8 + 0?
0
(8 - (8 + -1 + 2)) + (1 - 4)
-4
Evaluate 18 + -3 + -23 + 12 + 3.
7
Calculate -19 - -18 - 5 - -26.
20
Calculate -1 + (25 - -2) + -25 - (9 + 0).
-8
What is -10 + -41 + 64 - (0 + 8)?
5
What is 6 + (-22 - -5) - -24?
13
Evaluate -6 - (3 + -4) - (67 - 62).
-10
3 + 0 + 1 + -2 + 6 + 2
10
Evaluate -14 + (18 - 0) - -2.
6
Evaluate (8 + 10 + -20 + 4 - 29) + 2.
-25
What is -17 + -3 + 28 + (9 - 6)?
11
Evaluate 4 + (-4 + 8 - 2) + 7 + 0.
13
Evaluate 10 + -4 - (-9 + 11).
4
What is the value of 5 - -4 - (-31 + 51)?
-11
What is -7 - ((-36 - -5) + 4)?
20
Evaluate 1 - -35 - (59 + -30).
7
-5 + 1 + 0 + 1 + 3 + 9
9
What is the value of -1 + -6 + (1 - (-5 + 3) - -5)?
1
What is the value of -18 - (-6 - (9 - 19))?
-22
-15 + 13 + 6 + (1 - -7)
12
-29 - (8 + -67 + 6)
24
52 - (38 + -12 + 4)
22
Evaluate 0 + -2 + -5 + -6.
-13
What is -3 + -7 + 0 + -5?
-15
What is -7 + (35 - (11 + -11))?
28
What is -32 - -1 - (-8 - 15)?
-8
Evaluate (0 - (-4 + 10)) + (4 - (-5 - -2)).
1
Evaluate -187 + 204 - (-18 - 1) - 1.
35
Evaluate (1 - 2) + -15 + 15 - 6.
-7
What is the value of -13 - (8 - (-1 - -6)) - (-6 - -7)?
-17
10 + -2 - 18 - (23 